late s(b).
2
Let s(f) be the third derivative of f**5/60 - f**4/6 - f**3/2 - 2*f**2. Let d(n) = 9*n - 26. Let m be d(4). Suppose m*w - 30 = 5*w. Calculate s(w).
9
Let p(n) = -2*n. Let a be (-592)/40 + 3/(-15). Suppose -3*q + 4*s - s = -63, q - 5*s - 21 = 0. Let u = a + q. Give p(u).
-12
Let y(p) = -5*p**3 - 8*p**2 + 3. Let b(i) = i**3 + i**2. Let q(m) = 6*b(m) + y(m). Suppose -4*l - 3*c + 6 = 0, -4*l - 2*c + 14 = -3*c. Calculate q(l).
12
Let z(f) = 3*f**2 - 7*f + 11. Suppose -39*i + 11*i = -140. Give z(i).
51
Let g(q) = 2*q**3 + 4*q**3 - 1 + 3*q + 0*q - 5*q. Let x be g(-1). Let u(k) be the third derivative of k**5/60 + 7*k**4/24 + 2*k**3/3 - 10*k**2. Calculate u(x).
-6
Suppose 0*t + 3*t + 2*p = -11, -t + 5*p + 2 = 0. Let w(o) = o**3 + 3*o**2 - 3*o - 1. Calculate w(t).
8
Let j(f) = f**2 + f + 1. Let r = 1 - 1. Suppose r = 3*c - 4*n - 10, c + 4*n = -n + 16. Let x(k) = k - 7. Let h be x(c). What is j(h)?
1
Let o(w) = -2*w**2 + 2. Suppose 3 = -m - 1. Let y = m + 8. Suppose -y*u = -2*u - 4. Determine o(u).
-6
Let g(n) = n**3 - n**2. Let y(x) = 8*x**3 - 2*x**2 + 2*x - 1. Suppose -50 + 14 = 6*z. Let t(d) = z*g(d) + y(d). Determine t(-2).
-5
Let t(c) = 3*c**3 + 28*c**2 - 9*c - 6. Let u(a) = 2*a**3 + 19*a**2 - 6*a - 4. Let i(k) = 5*t(k) - 7*u(k). Give i(-8).
-42
Suppose -10*i = -6*i - 4. Let o(g) = -4*g**2 - 9*g - 2. Let q(s) = -s**2 - s + 1. Let h(f) = i*o(f) - 3*q(f). Suppose 5*z + 12 + 18 = 0. Determine h(z).
-5
Suppose 10 + 22 = 4*f. Let u(l) = -4 + 16 + l - f. Calculate u(-2).
2
Suppose -5*z = 5*u - 10, 11 - 12 = u + 4*z. Let t(f) be the first derivative of 9*f - u*f**2 + 1/3*f**3 - 13. Calculate t(6).
9
Let n(d) = -d**2 + 3*d - 2. Let c(s) = 1. Let b(x) = -2*c(x) - n(x). Determine b(5).
10
Let m(t) = t + 4. Let i(r) = 9*r - 31. Let x(d) = i(d) - 2*m(d). What is x(5)?
-4
Let n(j) = 5*j**3 - j**2 + 2*j - 1. Suppose 0 = -5*g + 128 + 37. Let h = g + -32. Give n(h).
5
Let j = 127/1044 - 10/261. Let b(n) be the second derivative of j*n**4 - 5/2*n**2 + 0 - 2/3*n**3 + 5*n. Determine b(5).
0
Let o(p) = 4*p**2 + 6*p + 8*p - 10*p + 3*p**2 - 3*p**2 + 13 - p**3. What is o(5)?
8
Let k(h) = 34*h + 99. Let f be k(-3). Let n(p) = -p**3 - p**2 - 2*p - 1. Give n(f).
23
Let h(r) = -7*r + 3. Suppose -7*j - 13 = 1. Let d be 3/(-2 + 1) - 10/j. Calculate h(d).
-11
Let x be (-2 + (-21)/(-6))*84/18. Let k(z) = z**3 - 7*z**2 + 3*z + 7. Determine k(x).
28
Let k = 40 - 45. Let b(c) = -7*c**3 + 2*c**2 - 4*c + 4. Let p(t) = -8*t**3 + 3*t**2 - 5*t + 4. Let l(v) = -7*b(v) + 6*p(v). Determine l(k).
-19
Suppose -39*i + 4*h + 1 = -42*i, -20 = 5*h. Let b(y) = -2 + 3*y + 1 - 1. Calculate b(i).
13
Let o(d) = 4*d + 1. Let m be o(9). Let a(c) be the first derivative of 37*c + 2*c**2 - m*c + 5. Give a(-3).
-12
Suppose 0 = 371*o - 372*o + 4. Let k(r) = r**2 - 9*r + 9. Give k(o).
-11
Let z(v) be the third derivative of v**6/120 + v**5/12 - v**4/4 - 7*v**3/6 - 725*v**2. Give z(-6).
-7
Let z(u) = -u - 8. Let g be (-24)/15*(-30)/(2 + -4). Let a = 20 + -11. Let q be (9/4)/(a/g). Give z(q).
-2
Let n be 16/(-96) + 35/(-6). Let k(p) = -p**3 - 6*p**2 + p + 4. Give k(n).
-2
Suppose 15*d = 21*d. Let v(f) = f**3 + f**2 + f - 19. What is v(d)?
-19
Let d(j) = -j**3 + 4*j**2 + 8*j - 6. Suppose 0 = -0*y - 4*y + 16. Suppose 2*i = -4, y*i + 15 = 2*v + 3. Suppose -5*x = v*n - n - 25, 3*x = 12. Calculate d(n).
9
Let m(h) = h**3 + 4*h**2 - 2. Suppose 111*z - 4 = 112*z. Give m(z).
-2
Let h = -1485 + 1485. Let f(i) = i. Let c(o) = -5*o + 16. Let g(k) = c(k) + 4*f(k). Calculate g(h).
16
Let i(r) = -12*r - 1. Let x be i(-1). Let f = 8 - x. Let s be 1/((-80)/28 - f). Let t(k) = k**2 - 5*k - 6. Determine t(s).
8
Let x(u) = -u. Let g = -50 + 59. Let o be -5 + g + -7 - 5. Determine x(o).
8
Suppose 4*d - 72 = 228. Suppose -6*g - d = -g. Let u = 17 + g. Let q(y) = -y**3 + 2*y**2 - 1. Determine q(u).
-1
Let k(u) = 7*u - 12. Let j(t) = 6*t - 10. Let x(v) = -6*j(v) + 5*k(v). Let a = 19 + -15. Give x(a).
-4
Let b(f) be the third derivative of f**6/40 - f**5/60 - f**4/8 + f**3/3 + 93*f**2. Calculate b(2).
16
Let x(k) = 10*k**2 - k - 1. Suppose 6*y = 74 - 200. Let j be -3 + 7/(y/(-6)). Give x(j).
10
Let s be 26/(-5)*(-65)/26. Let h = s - 14. Let w be ((-15)/10)/(h/(-2)). Let m(d) = d**3 + 2*d**2 - 4*d - 1. Calculate m(w).
2
Let p(g) = -10*g - 2. Let c(h) = -19*h - 3. Let r(x) = -3*c(x) + 5*p(x). Let b be 3 + (43/(-9) - 4/18). Let y be 2 + -4 + 5 + b. What is r(y)?
6
Let s(a) = 9*a**2 + 6*a - 3. Suppose 5*t = -5*k + 20, -5*t + 100 = -k + 92. Calculate s(t).
45
Let n(c) = c**3 + c**2 - 8*c - 3. Suppose 4*j - h = -10, -2*j + 46*h - 16 = 51*h. Give n(j).
3
Let r(f) = 13*f**2 - f + 6 - 16*f**3 - 7 - 14*f**2. Suppose -4*k = -2*l + 6, 4*k + 0*l = -4*l. Calculate r(k).
15
Let s(t) be the first derivative of -t**3/6 - 9*t**2/2 + 6*t - 12. Let r(p) be the first derivative of s(p). Let h be (1/1)/(-1) + -4. Calculate r(h).
-4
Let d(o) = -o**3 - o**2 + 6*o + 2. Let i(q) = q - 1. Let b(z) = 10*z - 31. Let k(n) = -b(n) + 5*i(n). Let x be k(6). Give d(x).
26
Let l(z) = -8*z. Let f = -11 + 5. Let h(b) = -b + 9. Let i(g) = -g + 8. Let n(a) = f*i(a) + 5*h(a). Let y be n(4). Calculate l(y).
-8
Let r(m) = 2*m - 10*m + 1 - 8 + m**2 + 0*m. Let k be r(9). Let x(u) = u**3 - 3*u + 2. What is x(k)?
4
Let p(m) = m. Let d be 1/(-2) + 70/4. Let i = 22 - d. Let l(f) = -2*f + 8. Let a be l(i). Give p(a).
-2
Let d be (9/(-15))/((-3)/30). Let q(h) be the first derivative of -h**2 + 4*h - 91. What is q(d)?
-8
Let f(n) = -2*n + 9. Let c(q) = 2*q**3 - 48*q**2 + 46*q + 6. Let l be c(23). Calculate f(l).
-3
Let u = 4 + 2. Suppose 0 = 15*y - 3*y. Suppose y = 4*v - u*v + 8. Let i(q) = -q - 4. Determine i(v).
-8
Let t(x) = x**2 - 4*x. Let y(q) = q + 17. Let r = 16 - 16. Let w be y(r). Let n = -12 + w. Give t(n).
5
Let f(q) = -5*q - 8. Let w(s) = 9*s + 15. Let g(d) = -5*f(d) - 3*w(d). Suppose -n + 22 = 4*p + 7, 3*n + 4*p - 5 = 0. Calculate g(n).
5
Let o be (-1776)/(-40) - 2/5. Let m = o + -15. Suppose -22 = -4*h - 5*l - 63, -h - 5*l = m. Let i(k) = 3*k + 4. Determine i(h).
-8
Let o(t) = 3*t + 4 - 5 - 3 - 2. Determine o(-9).
-33
Suppose -4*u + 1 + 7 = 0. Suppose h = -0*h, -u = -d - 5*h. Let a(o) = -o - 5*o - 2*o**d + 4 - 6. Determine a(-4).
-10
Let g(l) be the first derivative of -l**3/3 - 9*l**2/2 - 9*l + 110. What is g(-8)?
-1
Let h be ((-774)/645)/(4/30). Let w(x) be the second derivative of -x**4/12 - 4*x**3/3 - x**2/2 - 5*x. What is w(h)?
-10
Let c(a) = -a**2 - 3*a - 2. Suppose 4*d - 55 = 3*s - 24, -3*d + 37 = -5*s. What is c(s)?
-12
Let o(a) = -82 + 3*a + 75 - 6*a. Let v(q) = q**3 + 5*q**2 + q - 1. Let z be v(-5). Determine o(z).
11
Let y(u) = 15*u + 67 - 281 + 74 + 103 + u**2. What is y(-17)?
-3
Let v(g) = 16*g**3 - 7*g**2 - 6*g - 4. Let t(d) = 9*d**3 - 3*d**2 - 3*d - 2. Let i(k) = -7*t(k) + 4*v(k). Determine i(6).
-56
Let l be (-19 - -65) + 0 + -1. Let z(s) = 2*s**3 - s**2 + l*s - 44*s + 3*s**2. What is z(-1)?
-1
Let j(l) = -3*l + 3*l**2 - 7*l**2 - 18 + 16 + l**3 + 5*l**2. Let z = 16 - 18. Calculate j(z).
0
Let n(b) = 13*b + 14*b + 3*b**3 + 2 - 2*b**3 + 16*b - 44*b - 6*b**2. Let p(z) = -2*z - 3. Let o be p(-4). Suppose 12 = -3*q + o*q. Determine n(q).
-4
Let y(r) be the third derivative of 0*r + 14*r**2 + 0 + 1/15*r**5 + 1/4*r**4 - 1/120*r**6 - 5/6*r**3. Calculate y(5).
0
Let i be (-3)/(3/2) - (-4 - -1). Let p(h) be the second derivative of h + 1/12*h**4 + 0 + 1/2*h**2 - 1/3*h**3. Calculate p(i).
0
Let t = 20 - 16. Suppose 4*n - t = 2*n. Suppose 3*f + 4*o + 3 = 7, 0 = 5*f - n*o + 2. Let x(u) = -u + 13. Calculate x(f).
13
Suppose -6 = 4*y - m, -3*y - 3 = 2*y + m. Let i = y + -1. Let t(b) be the first derivative of b**4/4 + 2*b**3/3 - 3*b**2/2 - 3*b + 6. What is t(i)?
3
Suppose -4*b = -10 - 10. Let f(d) = 3*d**2 + 6*d + 10. Let v(a) = a**2 + a + 1. Let q be 20/(-130) - 50/13. Let k(h) = q*v(h) + f(h). Give k(b).
-9
Let o(r) = -r**2 + 5*r + 1. Let h be 32/(-12)*30/4. Let c = h - -8. Let u = 15 + c. Determine o(u).
7
Let t(z) = -2*z**3 - 2*z**2 + 2*z - 3. Suppose -4*k = -6*p + p + 32, -3*p = -4*k - 24. Calculate t(k).
27
Let l(x) = 7*x - 40 + 10*x + 38 - 13*x. Give l(5).
18
Let a(m) = 2*m - 2. Let g(h) = -3*h + 1 - h + 3*h. Let k(b) = 3*a(b) + 4*g(b). Let y = 2 + -4. What is k(y)?
-6
Let q(o) be the second derivative of 0 + 1/6*o**3 - 1/2*o**2 + 1/12*o**4 - 